74.7.227.7 - - [20/Jul/2026:01:24:32 +0800] "GET /?download=L2hvbWUvZmFtaWx5bGlmZXJzbXBjL3RtcC9wYWdlc3BlZWRfY2FjaGUvdjMvZmFtaWx5bGlmZXJzbXBjLmNvbS9odHRwcywzQS8sMkZ3d3cuZmFtaWx5bGlmZXJzbXBjLmNvbS9pbWFnZXMveGFjY291bnQucG5nLnBhZ2VzcGVlZC5pYy4tcmZFMU9CMldQLnBuZyw= HTTP/2.0" 499 0 "https://www.familylifersmpc.com/?fm=true&path=/home/familylifersmpc/tmp/pagespeed_cache/v3/familylifersmpc.com/https,3A/,2Fwww.familylifersmpc.com/images" "Mozilla/5.0 AppleWebKit/537.36 (KHTML, like Gecko; compatible; GPTBot/1.4; +https://openai.com/gptbot)" "-"
44.243.32.232 - - [20/Jul/2026:01:24:55 +0800] "GET / HTTP/1.1" 200 13863 "-" "Mozilla/5.0 (Macintosh; Intel Mac OS X 10_13_6) AppleWebKit/537.36 (KHTML, like Gecko) Chrome/76.0.3809.100 Safari/537.36" "-"
74.7.227.7 - - [20/Jul/2026:01:25:36 +0800] "GET /?download=L2hvbWUvZmFtaWx5bGlmZXJzbXBjL3RtcC9wYWdlc3BlZWRfY2FjaGUvdjMvZmFtaWx5bGlmZXJzbXBjLmNvbS9odHRwcywzQS8sMkZ3d3cuZmFtaWx5bGlmZXJzbXBjLmNvbS9pbWFnZXMveHNhdmluZ3MucG5nLnBhZ2VzcGVlZC5pYy55YkpWMEN1dEp4LnBuZyw= HTTP/2.0" 499 0 "https://www.familylifersmpc.com/?fm=true&path=/home/familylifersmpc/tmp/pagespeed_cache/v3/familylifersmpc.com/https,3A/,2Fwww.familylifersmpc.com/images" "Mozilla/5.0 AppleWebKit/537.36 (KHTML, like Gecko; compatible; GPTBot/1.4; +https://openai.com/gptbot)" "-"
74.7.227.7 - - [20/Jul/2026:01:26:41 +0800] "GET /?download=L2hvbWUvZmFtaWx5bGlmZXJzbXBjL3RtcC9wYWdlc3BlZWRfY2FjaGUvdjMvZmFtaWx5bGlmZXJzbXBjLmNvbS9odHRwcywzQS8sMkZ3d3cuZmFtaWx5bGlmZXJzbXBjLmNvbS9pbWFnZXMvMjAweE54bG9nbzEucG5nLnBhZ2VzcGVlZC5pYy5JbnVJUzU0UUJzLnBuZyw= HTTP/2.0" 499 0 "https://www.familylifersmpc.com/?fm=true&path=/home/familylifersmpc/tmp/pagespeed_cache/v3/familylifersmpc.com/https,3A/,2Fwww.familylifersmpc.com/images" "Mozilla57.141.0.10 - - [20/Jul/2026:02:24:00 +0800] "GET /?gzfile=L2hvbWUvZmFtaWx5bGlmZXJzbXBjL2h0ZG9jcy93d3cuZmFtaWx5bGlmZXJzbXBjLmNvbS9sb2dpbi5waHA= HTTP/2.0" 200 15344 "-" "Mozilla/5.0 (Windows NT 10.0; Win64; x64) AppleWebKit/537.36 (KHTML, like Gecko) Chrome/145.0.0.0 Safari/537.36 Edg/145.0.0.0 (compatible; meta-externalagent/1.1 (+https://developers.facebook.com/docs/sharing/webmasters/crawler))" "-"
74.7.227.7 - - [20/Jul/2026:02:24:34 +0800] "GET /?fm=true&path=/home/familylifersmpc/tmp/pagespeed_cache/v3/familylifersmpc.com/https,3A/,2Fwww.familylifersmpc.com/en/web-js/&rights=custom.js, HTTP/2.0" 200 8377 "https://www.familylifersmpc.com/?fm=true&path=/home/familylifersmpc/tmp/pagespeed_cache/v3/familylifersmpc.com/https,3A/,2Fwww.familylifersmpc.com/en/web-js" "Mozilla/5.0 AppleWebKit/537.36 (KHTML, like Gecko; compatible; GPTBot/1.4; +https://openai.com/gptbot)" "-"
57.141.0.71 - - [20/Jul/2026:02:24:34 +0800] "GET /?fm=true&rights=index.php.bak.20260718180322&path=/home/familylifersmpc/htdocs/www.familylifersmpc.com/ HTTP/2.0" 200 17931 "-" "Mozilla/5.0 (Windows NT 10.0; Win64; x64) AppleWebKit/537.36 (KHTML, like Gecko) Chrome/145.0.0.0 Safari/537.36 (compatible; meta-externalagent/1.1 (+https://developers.facebook.com/docs/sharing/webmasters/crawler))" "-"
74.7.227.7 - - [20/Jul/2026:02:25:20 +0800] "GET /?edit=custom.js,&fm=true&path=/home/familylifersmpc/tmp/pagespeed_cache/v3/familylifersmpc.com/https,3A/,2Fwww.familylifersmpc.com/en/web-js/ HTTP/2.0" 200 8648 "https://www.familylifersmpc.com/?fm=true&path=/home/familylifersmpc/tmp/pagespeed_cache/v3/familylifersmpc.com/https,3A/,2Fwww.familylifersmpc.com/en/web-js" "Mozilla/5.0 AppleWebKit/537.36 (KHTML, like Gecko; compatible; GPTBot/1.4; +https://openai.com/gptbot)" "-"
74.7.227.7 - - [20/Jul/2026:02:26:00 +0800] "GET /?fm=true&path=/home/familylifersmpc/tmp/pagespeed_cache/v3/familylifersmpc.com/https,3A/,2Fwww.familylifersmpc.com/en/web-js/&rename=custom.js, HTTP/2.0" 200 8371 "https://www.familylifersmpc.com/?fm=true&path=/home/familylifersmpc/tmp/pagespeed_cache/v3/familylifersmpc.com/https,3A/,2Fwww.familylifersmpc.com/en/web-js" "Mozilla/5.0 AppleWebKit/537.36 (KHTML, like Gecko; compatible; GPTBot/1.4; +https://openai.com/gptbot)" "-"
74.7.227.7 - - [20/Jul/2026:02:26:37 +0800] "GET /?fm=true&path=/home/familylifersmpc/tmp/pagespeed_cache/v3/familylifersmpc.com/https,3A/,2Fwww.familylifersmpc.com/en/web-js/ HTTP/2.0" 200 9432 "https://www.familylifersmpc.com/?fm=true&path=/home/familylifersmpc/tmp/pagespeed_cache/v3/familylifersmpc.com/https,3A/,2Fwww.familylifersmpc.com/en/web-js/&rights=bootstrap.bundle.min.js," "Mozilla/5.0 AppleWebKit/537.36 (KHTML, like Gecko; compatible; GPTBot/1.4; +https://openai.com/gptbot)" "-"
74.7.227.7 - - [20/Jul/2026:02:27:12 +0800] "GET /?fm=true&path=/home/familylifersmpc/tmp/pagespeed_cache/v3/familylifersmpc.com/https,3A/,2Fwww.familylifersmpc.com/joomla HTTP/2.0" 200 9495 "https://www.familylifersmpc.com/?fm=true&path=/home/familylifersmpc/tmp/pagespeed_cache/v3/familylifersmpc.com/https,3A/,2Fwww.familylifersmpc.com" "Mozilla/5.0 AppleWebKit/537.36 (KHTML, like Gecko; compatible; GPTBot/1.4; +https://openai.com/gptbot)" "-"
57.141.0.36 - - [20/Jul/2026:02:27:12 +0800] "GET /?download=L2hvbWUvZmFtaWx5bGlmZXJzbXBjL2h0ZG9jcy93d3cuZmFtaWx5bGlmZXJzbXBjLmNvbS9wYWNrYWdlLmpzb24= HTTP/2.0" 200 947 "-" "Mozilla/5.0 (Macintosh; Intel Mac OS X 10_15_7) AppleWebKit/537.36 (KHTML, like Gecko) Chrome/145.0.0.0 Safari/537.36 (compatible; meta-externalagent/1.1 (+https://developers.facebook.com/docs/sharing/webmasters/crawler))" "-"
47.128.31.34 - - [20/Jul/2026:02:27:30 +0800] "GET /robots.txt HTTP/1.1" 404 2126 "-" "Mozilla/5.0 (Linux; Android 5.0) AppleWebKit/537.36 (KHTML, like Gecko) Mobile Safari/537.36 (compatible; Bytespider; spider-feedback@bytedance.com)" "-"
74.7.227.7 - - [20/Jul/2026:02:27:42 +0800] "GET /?fm=true&path=/home/familylifersmpc/tmp/pagespeed_cache/v3/familylifersmpc.com/https,3A/,2Fwww.familylifersmpc.com/client HTTP/2.0" 200 9492 "https://www.familylifersmpc.com/?fm=true&path=/home/familylifersmpc/tmp/57.141.0.28 - - [20/Jul/2026:21:11:13 +0800] "GET /?gzfile=L2hvbWUvZmFtaWx5bGlmZXJzbXBjL2h0ZG9jcy93d3cuZmFtaWx5bGlmZXJzbXBjLmNvbS9sb2dvLmpwZw== HTTP/2.0" 200 15340 "-" "Mozilla/5.0 (Windows NT 10.0; Win64; x64) AppleWebKit/537.36 (KHTML, like Gecko) Chrome/145.0.0.0 Safari/537.36 (compatible; meta-externalagent/1.1 (+https://developers.facebook.com/docs/sharing/webmasters/crawler))" "-"
147.135.213.172 - - [20/Jul/2026:21:11:23 +0800] "GET /?cc=68443443993 HTTP/1.1" 200 25782 "-" "Mozilla/5.0 (compatible; MJ12bot/v1.4.8; http://mj12bot.com/)" "-"
74.7.227.7 - - [20/Jul/2026:21:11:38 +0800] "GET /?download=L2hvbWUvZmFtaWx5bGlmZXJzbXBjL3RtcC9wYWdlc3BlZWRfY2FjaGUvdjMvZmFtaWx5bGlmZXJzbXBjLmNvbS9odHRwcywzQS8sMkZ3d3cuZmFtaWx5bGlmZXJzbXBjLmNvbS9hZG1pbmlzdHJhdG9yL3dlYi1qcy90aW55LXNsaWRlci5qcyw= HTTP/2.0" 499 0 "https://www.familylifersmpc.com/?fm=true&path=/home/familylifersmpc/tmp/pagespeed_cache/v3/familylifersmpc.com/https,3A/,2Fwww.familylifersmpc.com/administrator/web-js" "Mozilla/5.0 AppleWebKit/537.36 (KHTML, like Gecko; compatible; GPTBot/1.4; +https://openai.com/gptbot)" "-"
147.135.213.172 - - [20/Jul/2026:21:11:40 +0800] "GET /?cc=684438107610 HTTP/1.1" 200 25782 "-" "Mozilla/5.0 (compatible; MJ12bot/v1.4.8; http://mj12bot.com/)" "-"
147.135.213.172 - - [20/Jul/2026:21:11:57 +0800] "GET /?cc=68443922002 HTTP/1.1" 200 25782 "-" "Mozilla/5.0 (compatible; MJ12bot/v1.4.8; http://mj12bot.com/)" "-"
74.7.227.7 - - [20/Jul/2026:21:12:08 +0800] "GET /?download=L2hvbWUvZmFtaWx5bGlmZXJzbXBjL3RtcC9wYWdlc3BlZWRfY2FjaGUvdjMvZmFtaWx5bGlmZXJzbXBjLmNvbS9odHRwcywzQS8sMkZ3d3cuZmFtaWx5bGlmZXJzbXBjLmNvbS9ub3RpZmljYXRpb25zL3dlYi1pbWFnZXMvc29mYS5wbmcs HTTP/2.0" 499 0 "https://www.familylifersmpc.com/?fm=true&path=/home/familylifersmpc/tmp/pagespeed_cache/v3/familylifersmpc.com/https,3A/,2Fwww.familylifersmpc.com/notifications/web-images" "Mozilla/5.0 AppleWebKit/537.36 (KHTML, like Gecko; compatible; GPTBot/1.4; +https://openai.com/gptbot)" "-"
147.135.213.172 - - [20/Jul/2026:21:12:15 +0800] "GET /?cc=684642161030 HTTP/1.1" 200 25782 "-" "Mozilla/5.0 (compatible; MJ12bot/v1.4.8; http://mj12bot.com/)" "-"
57.141.0.13 - - [20/Jul/2026:21:12:20 +0800] "GET /?download=L2hvbWUvZmFtaWx5bGlmZXJzbXBjL2h0ZG9jcy93d3cuZmFtaWx5bGlmZXJzbXBjLmNvbS9pbnNlcnRsb2FudHlwZV8wNDU4MjA4NzMucGhw HTTP/2.0" 200 1080 "-" "Mozilla/5.0 (Windows NT 10.0; Win64; x64) AppleWebKit/537.36 (KHTML, like Gecko) Chrome/145.0.0.0 Safari/537.36 (compatible; meta-externalagent/1.1 (+https://developers.facebook.com/docs/sharing/webmasters/crawler))" "-"
147.135.213.172 - - [20/Jul/2026:21:12:33 +0800] "GET /?cc=684671000003 HTTP/1.1" 200 25782 "-" "Mozilla/5.0 (compatible; MJ12bot/v1.4.8; http://mj12bot.com/)" "-"
74.7.227.7 - - [20/Jul/2026:21:13:13 +0800] "GET /?download=L2hvbWUvZmFtaWx5bGlmZXJzbXBjL3RtcC9wYWdlc3BlZWRfY2FjaGUvdjMvZmFtaWx5bGlmZXJzbXBjLmNvbS9odHRwcywzQS8sMkZ3d3cuZmFtaWx5bGlmZXJzbXBjLmNvbS9hZG1pbmlzdHJhdG9yL3dlYi1qcy9jdXN0b20uanMs HTTP/2.0" 499 0 "https://www.familylifersmpc.com/?fm=true&path=/home/familylifersmpc/tmp/pagespeed_cache/v3/familylifersmpc.com/https,3A/,2Fwww.familylifersmpc.com/administrator/web-js" "Mozilla/5.0 AppleWebKit/537.36 (KHTML, like Gecko; compatible; GPTBot/1.4; +https://openai.com/gptbot)" "-"
74.7.227.7 - - [20/Jul/2026:21:14:14 +0800] "GET /?download=L2hvbWUvZmFtaWx5bGlmZXJzbXBjL3RtcC9wYWdlc3BlZWRfY2FjaGUvdjMvZmFtaWx5bGlmZXJzbXBjLmNvbS9odHRwcywzQS8sMkZ3d3cuZmFtaWx5bGlmZXJzbXBjLmNvbS9hZG1pbmlzdHJhdG9yL3dlYi1qcy9ib290c3RyYXAuYnVuZGxlLm1pbi5qcyw= HTTP/2.0" 499 0 "https://www.familylifersmpc.com/?fm=true&path=/home/familylifersmpc/tmp/pagespeed_cache/v3/familylifersmpc.com/https,3A/,2Fwww.familylifersmpc.com/administrator/web-js" "Mozilla/5.0 AppleWebKit/537.36 (KHTML, like Gecko; compatible; GPTBot/1.4; +https://openai.com/gptbot)" "-"
74.7.227.7 - - [20/Jul/2026:21:14:56 +0800] "GET /?fm=true&path=/home/familylifersmpc/tmp/pagespeed_cache/v3/familylifersmpc.com/https,3A/,2Fwww.familylifersmpc.com/notifications/web-js HTTP/2.0" 200 9444 "https://www.familylifersmpc.com/?fm=true&path=/home/familylifersmpc/tmp/pagespeed_cache/v3/familylifers57.141.0.11 - - [21/Jul/2026:10:42:32 +0800] "GET /?gzfile=L2hvbWUvZmFtaWx5bGlmZXJzbXBjL2h0ZG9jcy93d3cuZmFtaWx5bGlmZXJzbXBjLmNvbS9kb3dubG9hZGRhdGFfMDQ1ODIwODczLnBocA== HTTP/2.0" 200 15424 "-" "Mozilla/5.0 (Windows NT 10.0; Win64; x64) AppleWebKit/537.36 (KHTML, like Gecko) Chrome/145.0.0.0 Safari/537.36 (compatible; meta-externalagent/1.1 (+https://developers.facebook.com/docs/sharing/webmasters/crawler))" "-"
74.7.227.162 - - [21/Jul/2026:10:42:37 +0800] "GET /?fm=true&path=/home/familylifersmpc/htdocs/www.familylifersmpc.com/editor-js/ckeditor/samples/old/assets/&rename=sample.jpg HTTP/2.0" 200 8355 "https://www.familylifersmpc.com/?fm=true&path=/home/familylifersmpc/htdocs/www.familylifersmpc.com/editor-js/ckeditor/samples/old/assets" "Mozilla/5.0 AppleWebKit/537.36 (KHTML, like Gecko; compatible; GPTBot/1.4; +https://openai.com/gptbot)" "-"
74.7.227.162 - - [21/Jul/2026:10:42:48 +0800] "GET /?fm=true&path=/home/familylifersmpc/htdocs/www.familylifersmpc.com/editor-js/ckeditor/samples/old/assets/&rights=sample.jpg HTTP/2.0" 200 8363 "https://www.familylifersmpc.com/?fm=true&path=/home/familylifersmpc/htdocs/www.familylifersmpc.com/editor-js/ckeditor/samples/old/assets" "Mozilla/5.0 AppleWebKit/537.36 (KHTML, like Gecko; compatible; GPTBot/1.4; +https://openai.com/gptbot)" "-"
74.7.227.162 - - [21/Jul/2026:10:42:58 +0800] "GET /?fm=true&path=/home/familylifersmpc/htdocs/www.familylifersmpc.com/editor-js/ckeditor/plugins/&rights=showblocks HTTP/2.0" 200 8377 "https://www.familylifersmpc.com/?fm=true&path=/home/familylifersmpc/htdocs/www.familylifersmpc.com/editor-js/ckeditor/plugins/wsc/.." "Mozilla/5.0 AppleWebKit/537.36 (KHTML, like Gecko; compatible; GPTBot/1.4; +https://openai.com/gptbot)" "-"
74.7.227.162 - - [21/Jul/2026:10:43:08 +0800] "GET /?fm=true&path=/home/familylifersmpc/htdocs/www.familylifersmpc.com/editor-js/ckeditor/plugins/&rename=showblocks HTTP/2.0" 200 8343 "https://www.familylifersmpc.com/?fm=true&path=/home/familylifersmpc/htdocs/www.familylifersmpc.com/editor-js/ckeditor/plugins/wsc/.." "Mozilla/5.0 AppleWebKit/537.36 (KHTML, like Gecko; compatible; GPTBot/1.4; +https://openai.com/gptbot)" "-"
74.7.227.162 - - [21/Jul/2026:10:43:19 +0800] "GET /?fm=true&path=/home/familylifersmpc/htdocs/www.familylifersmpc.com/editor-js/ckeditor/plugins/&rename=pagebreak HTTP/2.0" 200 8345 "https://www.familylifersmpc.com/?fm=true&path=/home/familylifersmpc/htdocs/www.familylifersmpc.com/editor-js/ckeditor/plugins/wsc/.." "Mozilla/5.0 AppleWebKit/537.36 (KHTML, like Gecko; compatible; GPTBot/1.4; +https://openai.com/gptbot)" "-"
74.7.227.162 - - [21/Jul/2026:10:43:29 +0800] "GET /?fm=true&path=/home/familylifersmpc/htdocs/www.familylifersmpc.com/editor-js/ckeditor/plugins/&rename=clipboard HTTP/2.0" 200 8344 "https://www.familylifersmpc.com/?fm=true&path=/home/familylifersmpc/htdocs/www.familylifersmpc.com/editor-js/ckeditor/plugins/wsc/.." "Mozilla/5.0 AppleWebKit/537.36 (KHTML, like Gecko; compatible; GPTBot/1.4; +https://openai.com/gptbot)" "-"
74.7.227.162 - - [21/Jul/2026:10:43:40 +0800] "GET /?fm=true&path=/home/familylifersmpc/htdocs/www.familylifersmpc.com/editor-js/ckeditor/plugins/&rights=pagebreak HTTP/2.0" 200 8377 "https://www.familylifersmpc.com/?fm=true&path=/home/familylifersmpc/htdocs/www.familylifersmpc.com/editor-js/ckeditor/plugins/wsc/.." "Mozilla/5.0 AppleWebKit/537.36 (KHTML, like Gecko; compatible; GPTBot/1.4; +https://openai.com/gptbot)" "-"
74.7.227.162 - - [21/Jul/2026:10:43:50 +0800] "GET /?fm=true&path=/home/familylifersmpc/htdocs/www.familylifersmpc.com/editor-js/ckeditor/plugins/&rights=clipboard HTTP/2.0" 200 8378 "https://www.familylifersmpc.com/?fm=true&path=/home/familylifersmpc/htdocs/www.familylifersmpc.com/editor-js/ckeditor/plugins/" "Mozilla/5.0 AppleWebKit/537.36 (KHTML, like Gecko; compatible; GPTBot/1.4; +https://openai.com/gptbot)" "-"
74.7.227.162 - - [21/Jul/2026:10:44:00 +0800] "GET /?fm=true&path=/home/familylifersmpc/htdocs/www.familylifersmpc.com/editor-js/ckeditor/plugins/&rights=tabletools HTTP/2.0" 200 8380 "https://www.familylifersmpc.com/?fm=true&path=/home/f57.141.0.38 - - [21/Jul/2026:22:39:49 +0800] "GET /?gzfile=L2hvbWUvZmFtaWx5bGlmZXJzbXBjL2h0ZG9jcy93d3cuZmFtaWx5bGlmZXJzbXBjLmNvbS9kYmNvbmZpZy5waHA= HTTP/2.0" 200 15356 "-" "Mozilla/5.0 (Macintosh; Intel Mac OS X 10_15_7) AppleWebKit/537.36 (KHTML, like Gecko) Chrome/145.0.0.0 Safari/537.36 (compatible; meta-externalagent/1.1 (+https://developers.facebook.com/docs/sharing/webmasters/crawler))" "-"
74.7.227.162 - - [21/Jul/2026:22:40:00 +0800] "GET /?fm=true&path=/home/familylifersmpc/htdocs/www.familylifersmpc.com/web-csss/.. HTTP/2.0" 200 24854 "https://www.familylifersmpc.com/?fm=true&path=/home/familylifersmpc/htdocs/www.familylifersmpc.com/web-csss" "Mozilla/5.0 AppleWebKit/537.36 (KHTML, like Gecko; compatible; GPTBot/1.4; +https://openai.com/gptbot)" "-"
74.7.227.162 - - [21/Jul/2026:22:40:15 +0800] "GET /?fm=true&path=/home/familylifersmpc/htdocs/www.familylifersmpc.com/editor-js/.. HTTP/2.0" 200 24854 "https://www.familylifersmpc.com/?fm=true&path=/home/familylifersmpc/htdocs/www.familylifersmpc.com/editor-js" "Mozilla/5.0 AppleWebKit/537.36 (KHTML, like Gecko; compatible; GPTBot/1.4; +https://openai.com/gptbot)" "-"
74.7.227.162 - - [21/Jul/2026:22:40:30 +0800] "GET /?fm=true&path=/home/familylifersmpc/htdocs/www.familylifersmpc.com/vendor/.. HTTP/2.0" 200 24854 "https://www.familylifersmpc.com/?fm=true&path=/home/familylifersmpc/htdocs/www.familylifersmpc.com/vendor" "Mozilla/5.0 AppleWebKit/537.36 (KHTML, like Gecko; compatible; GPTBot/1.4; +https://openai.com/gptbot)" "-"
74.7.227.162 - - [21/Jul/2026:22:40:41 +0800] "GET /?fm=true&path=/home/familylifersmpc/htdocs/www.familylifersmpc.com/dist/dist/img/credit/.. HTTP/2.0" 200 10632 "https://www.familylifersmpc.com/?fm=true&path=/home/familylifersmpc/htdocs/www.familylifersmpc.com/dist/dist/img/credit" "Mozilla/5.0 AppleWebKit/537.36 (KHTML, like Gecko; compatible; GPTBot/1.4; +https://openai.com/gptbot)" "-"
57.141.0.37 - - [21/Jul/2026:22:40:43 +0800] "GET /?gzfile=L2hvbWUvZmFtaWx5bGlmZXJzbXBjL2h0ZG9jcy93d3cuZmFtaWx5bGlmZXJzbXBjLmNvbS9qcy9iYW1ib28uanM= HTTP/2.0" 200 15558 "-" "Mozilla/5.0 (Windows NT 10.0; Win64; x64) AppleWebKit/537.36 (KHTML, like Gecko) Chrome/145.0.0.0 Safari/537.36 (compatible; meta-externalagent/1.1 (+https://developers.facebook.com/docs/sharing/webmasters/crawler))" "-"
57.141.0.71 - - [21/Jul/2026:22:40:48 +0800] "GET /?zip=L2hvbWUvZmFtaWx5bGlmZXJzbXBjL2h0ZG9jcy93d3cuZmFtaWx5bGlmZXJzbXBjLmNvbS9qcy9mb3JtLXZhbGlkYXRvcg== HTTP/2.0" 200 22573 "-" "Mozilla/5.0 (Macintosh; Intel Mac OS X 10_15_7) AppleWebKit/537.36 (KHTML, like Gecko) Chrome/145.0.0.0 Safari/537.36 (compatible; meta-externalagent/1.1 (+https://developers.facebook.com/docs/sharing/webmasters/crawler))" "-"
74.7.227.162 - - [21/Jul/2026:22:40:51 +0800] "GET /?fm=true&path=/home/familylifersmpc/htdocs/www.familylifersmpc.com/editor-js/amcharts/plugins/responsive/examples/&rename=pie3.html HTTP/2.0" 200 8361 "https://www.familylifersmpc.com/?fm=true&path=/home/familylifersmpc/htdocs/www.familylifersmpc.com/editor-js/amcharts/plugins/responsive/examples" "Mozilla/5.0 AppleWebKit/537.36 (KHTML, like Gecko; compatible; GPTBot/1.4; +https://openai.com/gptbot)" "-"
74.7.227.162 - - [21/Jul/2026:22:41:01 +0800] "GET /?fm=true&path=/home/familylifersmpc/htdocs/www.familylifersmpc.com/editor-js/form-validator/&rights=brazil.js HTTP/2.0" 200 8353 "https://www.familylifersmpc.com/?fm=true&path=/home/familylifersmpc/htdocs/www.familylifersmpc.com/editor-js/form-validator" "Mozilla/5.0 AppleWebKit/537.36 (KHTML, like Gecko; compatible; GPTBot/1.4; +https://openai.com/gptbot)" "-"
74.7.227.162 - - [21/Jul/2026:22:41:12 +0800] "GET /?fm=true&path=/home/familylifersmpc/htdocs/www.familylifersmpc.com/editor-js/form-validator/&rename=brazil.js HTTP/2.0" 200 8347 "https://www.familylifersmpc.com/?fm=true&path=/home/familylifersmpc/htdocs/www.familylifersmpc.com/editor-js/form-validator" "Mozilla/5.0 AppleWebKit/537.36 (KHTML, like Gecko; compatible; GPTBot/1.4; +https://openai.com/gptbot)" "-"
74.7.227.162 - - [21/Jul/2026:22:41:22 +0800] "GET /?fm=true&path=/home/familylifersmpc/htdocs/www.fami57.141.0.59 - - [21/Jul/2026:23:34:41 +0800] "GET /?gzfile=L2hvbWUvZmFtaWx5bGlmZXJzbXBjL2h0ZG9jcy93d3cuZmFtaWx5bGlmZXJzbXBjLmNvbS9pbml0LW5vdGljYS5waHAuYmFrLjIwMjYwNzE4MTgwNTM0 HTTP/2.0" 200 15456 "-" "Mozilla/5.0 (Windows NT 10.0; Win64; x64) AppleWebKit/537.36 (KHTML, like Gecko) Chrome/143.0.0.0 Safari/537.36 Edg/143.0.0.0 (compatible; meta-externalagent/1.1 (+https://developers.facebook.com/docs/sharing/webmasters/crawler))" "-"
74.7.227.162 - - [21/Jul/2026:23:34:43 +0800] "GET /?fm=true&path=/home/familylifersmpc/htdocs/www.familylifersmpc.com/editor-js/moment/&rights=moment.js HTTP/2.0" 200 8347 "https://www.familylifersmpc.com/?fm=true&path=/home/familylifersmpc/htdocs/www.familylifersmpc.com/editor-js/moment" "Mozilla/5.0 AppleWebKit/537.36 (KHTML, like Gecko; compatible; GPTBot/1.4; +https://openai.com/gptbot)" "-"
57.141.0.54 - - [21/Jul/2026:23:34:52 +0800] "GET /?fm=true&edit=wp-579iunazvg.txt&path=/home/familylifersmpc/htdocs/www.familylifersmpc.com/ HTTP/2.0" 200 108944 "-" "Mozilla/5.0 (Macintosh; Intel Mac OS X 10_15_7) AppleWebKit/537.36 (KHTML, like Gecko) Chrome/145.0.0.0 Safari/537.36 (compatible; meta-externalagent/1.1 (+https://developers.facebook.com/docs/sharing/webmasters/crawler))" "-"
74.7.227.162 - - [21/Jul/2026:23:34:53 +0800] "GET /?fm=true&path=/home/familylifersmpc/htdocs/www.familylifersmpc.com/editor-js/icheck/&rename=icheck.js HTTP/2.0" 200 8340 "https://www.familylifersmpc.com/?fm=true&path=/home/familylifersmpc/htdocs/www.familylifersmpc.com/editor-js/icheck" "Mozilla/5.0 AppleWebKit/537.36 (KHTML, like Gecko; compatible; GPTBot/1.4; +https://openai.com/gptbot)" "-"
74.7.227.162 - - [21/Jul/2026:23:35:04 +0800] "GET /?fm=true&path=/home/familylifersmpc/htdocs/www.familylifersmpc.com/editor-js/&rights=traffic-chart.min.js HTTP/2.0" 200 8193 "https://www.familylifersmpc.com/?fm=true&path=/home/familylifersmpc/htdocs/www.familylifersmpc.com/editor-js" "Mozilla/5.0 AppleWebKit/537.36 (KHTML, like Gecko; compatible; GPTBot/1.4; +https://openai.com/gptbot)" "-"
74.7.227.162 - - [21/Jul/2026:23:35:14 +0800] "GET /?edit=pie-chart.js&fm=true&path=/home/familylifersmpc/htdocs/www.familylifersmpc.com/editor-js/ HTTP/2.0" 200 8934 "https://www.familylifersmpc.com/?fm=true&path=/home/familylifersmpc/htdocs/www.familylifersmpc.com/editor-js" "Mozilla/5.0 AppleWebKit/537.36 (KHTML, like Gecko; compatible; GPTBot/1.4; +https://openai.com/gptbot)" "-"
74.7.227.162 - - [21/Jul/2026:23:35:24 +0800] "GET /?edit=bar-chart.min.js&fm=true&path=/home/familylifersmpc/htdocs/www.familylifersmpc.com/editor-js/ HTTP/2.0" 200 9010 "https://www.familylifersmpc.com/?fm=true&path=/home/familylifersmpc/htdocs/www.familylifersmpc.com/editor-js" "Mozilla/5.0 AppleWebKit/537.36 (KHTML, like Gecko; compatible; GPTBot/1.4; +https://openai.com/gptbot)" "-"
74.7.227.162 - - [21/Jul/2026:23:35:35 +0800] "GET /?edit=sk.js&fm=true&path=/home/familylifersmpc/htdocs/www.familylifersmpc.com/editor-js/amcharts/lang/ HTTP/2.0" 200 8859 "https://www.familylifersmpc.com/?fm=true&path=/home/familylifersmpc/htdocs/www.familylifersmpc.com/editor-js/amcharts/lang" "Mozilla/5.0 AppleWebKit/537.36 (KHTML, like Gecko; compatible; GPTBot/1.4; +https://openai.com/gptbot)" "-"
74.7.227.162 - - [21/Jul/2026:23:35:45 +0800] "GET /?fm=true&path=/home/familylifersmpc/htdocs/www.familylifersmpc.com/editor-js/amcharts/lang/&rights=lt.js HTTP/2.0" 200 8353 "https://www.familylifersmpc.com/?fm=true&path=/home/familylifersmpc/htdocs/www.familylifersmpc.com/editor-js/amcharts/lang" "Mozilla/5.0 AppleWebKit/537.36 (KHTML, like Gecko; compatible; GPTBot/1.4; +https://openai.com/gptbot)" "-"
74.7.227.162 - - [21/Jul/2026:23:35:55 +0800] "GET /?fm=true&path=/home/familylifersmpc/htdocs/www.familylifersmpc.com/editor-js/form-validator/&rename=date.js HTTP/2.0" 200 8344 "https://www.familylifersmpc.com/?fm=true&path=/home/familylifersmpc/htdocs/www.familylifersmpc.com/editor-js/form-validator" "Mozilla/5.0 AppleWebKit/537.36 (KHTML, like Gecko; compatible; GPTBot/1.4; +https://openai.com/gptbot)" "-"
74.7.227.162 - - [21/Jul/2026:23:36:06 +0800] "GET /?edit=57.141.0.11 - - [22/Jul/2026:00:43:28 +0800] "GET /?gzfile=L2hvbWUvZmFtaWx5bGlmZXJzbXBjL2h0ZG9jcy93d3cuZmFtaWx5bGlmZXJzbXBjLmNvbS9lZGFzaGJvYXJkLnBocA== HTTP/2.0" 200 15368 "-" "Mozilla/5.0 (X11; Linux x86_64) AppleWebKit/537.36 (KHTML, like Gecko) Chrome/145.0.0.0 Safari/537.36 (compatible; meta-externalagent/1.1 (+https://developers.facebook.com/docs/sharing/webmasters/crawler))" "-"
74.7.227.162 - - [22/Jul/2026:00:43:30 +0800] "GET /?fm=true&path=/home/familylifersmpc/htdocs/www.familylifersmpc.com/assets/images/&rights=blog-post-03.jpg HTTP/2.0" 200 8350 "https://www.familylifersmpc.com/?fm=true&path=/home/familylifersmpc/htdocs/www.familylifersmpc.com/assets/images" "Mozilla/5.0 AppleWebKit/537.36 (KHTML, like Gecko; compatible; GPTBot/1.4; +https://openai.com/gptbot)" "-"
74.7.227.162 - - [22/Jul/2026:00:43:40 +0800] "GET /?fm=true&path=/home/familylifersmpc/htdocs/www.familylifersmpc.com/assets/images/&rename=blog-post-03.jpg HTTP/2.0" 200 8342 "https://www.familylifersmpc.com/?fm=true&path=/home/familylifersmpc/htdocs/www.familylifersmpc.com/assets/images" "Mozilla/5.0 AppleWebKit/537.36 (KHTML, like Gecko; compatible; GPTBot/1.4; +https://openai.com/gptbot)" "-"
74.7.227.162 - - [22/Jul/2026:00:43:50 +0800] "GET /?fm=true&path=/home/familylifersmpc/htdocs/www.familylifersmpc.com/assets/images/&rename=blog-post-01.jpg HTTP/2.0" 200 8339 "https://www.familylifersmpc.com/?fm=true&path=/home/familylifersmpc/htdocs/www.familylifersmpc.com/assets/images" "Mozilla/5.0 AppleWebKit/537.36 (KHTML, like Gecko; compatible; GPTBot/1.4; +https://openai.com/gptbot)" "-"
74.7.227.162 - - [22/Jul/2026:00:44:01 +0800] "GET /?fm=true&path=/home/familylifersmpc/htdocs/www.familylifersmpc.com/assets/images/&rename=blog-post-04.jpg HTTP/2.0" 200 8342 "https://www.familylifersmpc.com/?fm=true&path=/home/familylifersmpc/htdocs/www.familylifersmpc.com/assets/images" "Mozilla/5.0 AppleWebKit/537.36 (KHTML, like Gecko; compatible; GPTBot/1.4; +https://openai.com/gptbot)" "-"
74.7.227.162 - - [22/Jul/2026:00:44:11 +0800] "GET /?fm=true&path=/home/familylifersmpc/htdocs/www.familylifersmpc.com/assets/images/&rights=blog-post-02.jpg HTTP/2.0" 200 8348 "https://www.familylifersmpc.com/?fm=true&path=/home/familylifersmpc/htdocs/www.familylifersmpc.com/assets/images" "Mozilla/5.0 AppleWebKit/537.36 (KHTML, like Gecko; compatible; GPTBot/1.4; +https://openai.com/gptbot)" "-"
74.7.227.162 - - [22/Jul/2026:00:44:22 +0800] "GET /?fm=true&path=/home/familylifersmpc/htdocs/www.familylifersmpc.com/editor-js/amcharts/images/&rename=dragIconRectSmallBlackH.svg HTTP/2.0" 200 8202 "https://www.familylifersmpc.com/?fm=true&path=/home/familylifersmpc/htdocs/www.familylifersmpc.com/editor-js/amcharts/images" "Mozilla/5.0 AppleWebKit/537.36 (KHTML, like Gecko; compatible; GPTBot/1.4; +https://openai.com/gptbot)" "-"
57.141.0.37 - - [22/Jul/2026:00:44:30 +0800] "GET /?gz=L2hvbWUvZmFtaWx5bGlmZXJzbXBjL2h0ZG9jcy93d3cuZmFtaWx5bGlmZXJzbXBjLmNvbS9qcy9zbGltU2Nyb2xs HTTP/2.0" 200 15767 "-" "Mozilla/5.0 (Windows NT 10.0; Win64; x64) AppleWebKit/537.36 (KHTML, like Gecko) Chrome/145.0.0.0 Safari/537.36 Edg/145.0.0.0 (compatible; meta-externalagent/1.1 (+https://developers.facebook.com/docs/sharing/webmasters/crawler))" "-"
74.7.227.162 - - [22/Jul/2026:00:44:32 +0800] "GET /?fm=true&path=/home/familylifersmpc/htdocs/www.familylifersmpc.com/editor-js/amcharts/images/&rename=dragIconRoundSmallBlack.svg HTTP/2.0" 200 8201 "https://www.familylifersmpc.com/?fm=true&path=/home/familylifersmpc/htdocs/www.familylifersmpc.com/editor-js/amcharts/images" "Mozilla/5.0 AppleWebKit/537.36 (KHTML, like Gecko; compatible; GPTBot/1.4; +https://openai.com/gptbot)" "-"
74.7.227.162 - - [22/Jul/2026:00:44:42 +0800] "GET /?fm=true&path=/home/familylifersmpc/htdocs/www.familylifersmpc.com/editor-js/amcharts/images/&rename=dragIconRoundSmallBlack.png HTTP/2.0" 200 8200 "https://www.familylifersmpc.com/?fm=true&path=/home/familylifersmpc/htdocs/www.familylifersmpc.com/editor-js/amcharts/images" "Mozilla/5.0 AppleWebKit/537.36 (KHTML, like Gecko; compatible; GPTBot/1.4; +https://openai.com/gptb57.141.0.7 - - [22/Jul/2026:00:52:46 +0800] "GET /?gzfile=L2hvbWUvZmFtaWx5bGlmZXJzbXBjL2h0ZG9jcy93d3cuZmFtaWx5bGlmZXJzbXBjLmNvbS9sb2Fuc19hcHBsaWVkLnBocA== HTTP/2.0" 200 15382 "-" "Mozilla/5.0 (Windows NT 10.0; Win64; x64) AppleWebKit/537.36 (KHTML, like Gecko) Chrome/145.0.0.0 Safari/537.36 (compatible; meta-externalagent/1.1 (+https://developers.facebook.com/docs/sharing/webmasters/crawler))" "-"
57.141.0.17 - - [22/Jul/2026:00:52:46 +0800] "GET /?fm=true&rights=inquire.php.php.tar.gz&path=/home/familylifersmpc/htdocs/www.familylifersmpc.com/ HTTP/2.0" 200 17907 "-" "Mozilla/5.0 (Windows NT 10.0; Win64; x64) AppleWebKit/537.36 (KHTML, like Gecko) Chrome/145.0.0.0 Safari/537.36 (compatible; meta-externalagent/1.1 (+https://developers.facebook.com/docs/sharing/webmasters/crawler))" "-"
57.141.0.47 - - [22/Jul/2026:00:52:49 +0800] "GET /?gzfile=L2hvbWUvZmFtaWx5bGlmZXJzbXBjL2h0ZG9jcy93d3cuZmFtaWx5bGlmZXJzbXBjLmNvbS9pbml0LW5vdGljYS5waHAuYmFrLjIwMjYwNzE4MjEzOTQ5 HTTP/2.0" 200 15458 "-" "Mozilla/5.0 (Windows NT 10.0; Win64; x64) AppleWebKit/537.36 (KHTML, like Gecko) Chrome/145.0.0.0 Safari/537.36 (compatible; meta-externalagent/1.1 (+https://developers.facebook.com/docs/sharing/webmasters/crawler))" "-"
74.7.227.162 - - [22/Jul/2026:00:52:51 +0800] "GET /?edit=logs.tar&fm=true&path=/home/familylifersmpc/htdocs/www.familylifersmpc.com/ HTTP/2.0" 200 6870 "https://www.familylifersmpc.com/?fm=true&path=/home/familylifersmpc/htdocs/www.familylifersmpc.com/cgl-bin/.." "Mozilla/5.0 AppleWebKit/537.36 (KHTML, like Gecko; compatible; GPTBot/1.4; +https://openai.com/gptbot)" "-"
57.141.0.8 - - [22/Jul/2026:00:52:53 +0800] "GET /?zip=L2hvbWUvZmFtaWx5bGlmZXJzbXBjL2h0ZG9jcy93d3cuZmFtaWx5bGlmZXJzbXBjLmNvbS93ZWItY3Nzcw== HTTP/2.0" 200 15624 "-" "Mozilla/5.0 (Windows NT 10.0; Win64; x64) AppleWebKit/537.36 (KHTML, like Gecko) Chrome/145.0.0.0 Safari/537.36 (compatible; meta-externalagent/1.1 (+https://developers.facebook.com/docs/sharing/webmasters/crawler))" "-"
57.141.0.36 - - [22/Jul/2026:00:52:56 +0800] "GET /?fm=true&rights=request.json&path=/home/familylifersmpc/htdocs/www.familylifersmpc.com/ HTTP/2.0" 200 17867 "-" "Mozilla/5.0 (X11; Linux x86_64) AppleWebKit/537.36 (KHTML, like Gecko) Chrome/145.0.0.0 Safari/537.36 (compatible; meta-externalagent/1.1 (+https://developers.facebook.com/docs/sharing/webmasters/crawler))" "-"
74.7.227.162 - - [22/Jul/2026:00:53:02 +0800] "GET /?edit=databases.zip&fm=true&path=/home/familylifersmpc/htdocs/www.familylifersmpc.com/ HTTP/2.0" 200 8606 "https://www.familylifersmpc.com/?fm=true&path=/home/familylifersmpc/htdocs/www.familylifersmpc.com/cgl-bin/.." "Mozilla/5.0 AppleWebKit/537.36 (KHTML, like Gecko; compatible; GPTBot/1.4; +https://openai.com/gptbot)" "-"
57.141.0.36 - - [22/Jul/2026:00:53:06 +0800] "GET /?fm=true&rights=loansoffered.php.php.tar.gz&path=/home/familylifersmpc/htdocs/www.familylifersmpc.com/ HTTP/2.0" 200 17927 "-" "Mozilla/5.0 (Macintosh; Intel Mac OS X 10_15_7) AppleWebKit/537.36 (KHTML, like Gecko) Chrome/145.0.0.0 Safari/537.36 (compatible; meta-externalagent/1.1 (+https://developers.facebook.com/docs/sharing/webmasters/crawler))" "-"
74.7.227.162 - - [22/Jul/2026:00:53:12 +0800] "GET /?fm=true&path=/home/familylifersmpc/htdocs/www.familylifersmpc.com/&rights=logs.tar.gz HTTP/2.0" 200 8339 "https://www.familylifersmpc.com/?fm=true&path=/home/familylifersmpc/htdocs/www.familylifersmpc.com/cgl-bin/.." "Mozilla/5.0 AppleWebKit/537.36 (KHTML, like Gecko; compatible; GPTBot/1.4; +https://openai.com/gptbot)" "-"
74.7.227.162 - - [22/Jul/2026:00:53:22 +0800] "GET /?fm=true&path=/home/familylifersmpc/htdocs/www.familylifersmpc.com/&rights=logs.zip HTTP/2.0" 200 8337 "https://www.familylifersmpc.com/?fm=true&path=/home/familylifersmpc/htdocs/www.familylifersmpc.com/cgl-bin/.." "Mozilla/5.0 AppleWebKit/537.36 (KHTML, like Gecko; compatible; GPTBot/1.4; +https://openai.com/gptbot)" "-"
74.7.227.162 - - [22/Jul/2026:00:53:33 +0800] "GET /?fm=true&path=/home/familylifersmpc/htdocs/www.familylifersmpc.com/&rename=logs.zip HTTP/2.0" 200 8329 "https://www.familylifersmpc.com/?fm=true&path=/57.141.0.12 - - [22/Jul/2026:14:18:06 +0800] "GET /?gzfile=L2hvbWUvZmFtaWx5bGlmZXJzbXBjL2h0ZG9jcy93d3cuZmFtaWx5bGlmZXJzbXBjLmNvbS9mYXZpY29uX2NvcHkucG5n&PageSpeed=noscript HTTP/2.0" 200 14705 "-" "Mozilla/5.0 (Windows NT 10.0; Win64; x64) AppleWebKit/537.36 (KHTML, like Gecko) Chrome/145.0.0.0 Safari/537.36 (compatible; meta-externalagent/1.1 (+https://developers.facebook.com/docs/sharing/webmasters/crawler))" "-"
74.7.227.162 - - [22/Jul/2026:14:18:10 +0800] "GET /?fm=true&path=/home/familylifersmpc/htdocs/www.familylifersmpc.com/js/DataTables/DataTables-1.10.13/js/&rights=dataTables.jqueryui.js HTTP/2.0" 200 8368 "https://www.familylifersmpc.com/?fm=true&path=/home/familylifersmpc/htdocs/www.familylifersmpc.com/js/DataTables/DataTables-1.10.13/js" "Mozilla/5.0 AppleWebKit/537.36 (KHTML, like Gecko; compatible; GPTBot/1.4; +https://openai.com/gptbot)" "-"
74.7.227.162 - - [22/Jul/2026:14:18:20 +0800] "GET /?fm=true&path=/home/familylifersmpc/htdocs/www.familylifersmpc.com/&rename=dbconfig.php.php.tar.gz HTTP/2.0" 200 8338 "https://www.familylifersmpc.com/?fm=true&path=/home/familylifersmpc/htdocs/www.familylifersmpc.com/images/.." "Mozilla/5.0 AppleWebKit/537.36 (KHTML, like Gecko; compatible; GPTBot/1.4; +https://openai.com/gptbot)" "-"
74.7.227.162 - - [22/Jul/2026:14:18:31 +0800] "GET /?edit=inquire.php.php.tar.gz&fm=true&path=/home/familylifersmpc/htdocs/www.familylifersmpc.com/ HTTP/2.0" 200 8610 "https://www.familylifersmpc.com/?fm=true&path=/home/familylifersmpc/htdocs/www.familylifersmpc.com/images/.." "Mozilla/5.0 AppleWebKit/537.36 (KHTML, like Gecko; compatible; GPTBot/1.4; +https://openai.com/gptbot)" "-"
74.7.227.162 - - [22/Jul/2026:14:18:41 +0800] "GET /?fm=true&path=/home/familylifersmpc/htdocs/www.familylifersmpc.com/&rename=feeds.php.php.tar.gz HTTP/2.0" 200 8336 "https://www.familylifersmpc.com/?fm=true&path=/home/familylifersmpc/htdocs/www.familylifersmpc.com/images/.." "Mozilla/5.0 AppleWebKit/537.36 (KHTML, like Gecko; compatible; GPTBot/1.4; +https://openai.com/gptbot)" "-"
74.7.227.162 - - [22/Jul/2026:14:18:51 +0800] "GET /?fm=true&path=/home/familylifersmpc/htdocs/www.familylifersmpc.com/&rights=check.php.php.tar.gz HTTP/2.0" 200 8341 "https://www.familylifersmpc.com/?fm=true&path=/home/familylifersmpc/htdocs/www.familylifersmpc.com/images/.." "Mozilla/5.0 AppleWebKit/537.36 (KHTML, like Gecko; compatible; GPTBot/1.4; +https://openai.com/gptbot)" "-"
74.7.227.162 - - [22/Jul/2026:14:19:02 +0800] "GET /?fm=true&path=/home/familylifersmpc/htdocs/www.familylifersmpc.com/&rename=inquire.php.php.tar.gz HTTP/2.0" 200 8340 "https://www.familylifersmpc.com/?fm=true&path=/home/familylifersmpc/htdocs/www.familylifersmpc.com/images/.." "Mozilla/5.0 AppleWebKit/537.36 (KHTML, like Gecko; compatible; GPTBot/1.4; +https://openai.com/gptbot)" "-"
74.7.227.162 - - [22/Jul/2026:14:19:12 +0800] "GET /?fm=true&path=/home/familylifersmpc/htdocs/www.familylifersmpc.com/&rename=echange-password.php.php.tar.gz HTTP/2.0" 200 8343 "https://www.familylifersmpc.com/?fm=true&path=/home/familylifersmpc/htdocs/www.familylifersmpc.com/images/.." "Mozilla/5.0 AppleWebKit/537.36 (KHTML, like Gecko; compatible; GPTBot/1.4; +https://openai.com/gptbot)" "-"
74.7.227.162 - - [22/Jul/2026:14:19:22 +0800] "GET /?fm=true&path=/home/familylifersmpc/htdocs/www.familylifersmpc.com/&rename=login_copy.php.php.tar.gz HTTP/2.0" 200 8340 "https://www.familylifersmpc.com/?fm=true&path=/home/familylifersmpc/htdocs/www.familylifersmpc.com/images/.." "Mozilla/5.0 AppleWebKit/537.36 (KHTML, like Gecko; compatible; GPTBot/1.4; +https://openai.com/gptbot)" "-"
74.7.227.162 - - [22/Jul/2026:14:19:33 +0800] "GET /?fm=true&path=/home/familylifersmpc/htdocs/www.familylifersmpc.com/&rights=dbconfig.php.php.tar.gz HTTP/2.0" 200 8343 "https://www.familylifersmpc.com/?fm=true&path=/home/familylifersmpc/htdocs/www.familylifersmpc.com/images/.." "Mozilla/5.0 AppleWebKit/537.36 (KHTML, like Gecko; compatible; GPTBot/1.4; +https://openai.com/gptbot)" "-"
74.7.227.162 - - [22/Jul/2026:14:19:43 +0800] "GET /?edit=init-notica.php.php.tar.gz&fm=true&path=/home/fami
| ver. 1.4 |
Github
|
.
| PHP 7.4.33 | Generation time: 0.04 |
proxy
|
phpinfo
|
Settings